t m = q - -7. Determine n(m).
-7
Let g(j) be the first derivative of j**3/3 - 4*j**2 - 5*j - 7. Calculate g(8).
-5
Let d(a) = a**2 + 3*a - 4. Suppose -13 + 4 = 3*k. Let p be d(k). Let m(r) = 2*r + 6. What is m(p)?
-2
Let y(q) = -10 + q + 15 + 2*q. Give y(-4).
-7
Let v(y) = -y + 7. Suppose -2 = q + 4. What is v(q)?
13
Let l(c) be the first derivative of 1/6*c**3 + 2 - 2*c + 3*c**2. Let b(p) be the first derivative of l(p). What is b(-6)?
0
Suppose -2*r - 2 = 0, h + 0*r + 3*r = 0. Let k = 6 - h. Let m(a) = -4*a**k - 3*a**2 + 5*a**3 + 4 - 3 - 5*a. What is m(4)?
-3
Suppose 36 = 4*u + 12. Let d(h) = h - 1. Calculate d(u).
5
Let y(t) = -7*t + 15*t**3 + 1 - 19*t**3 - 5*t**2 + 5*t**3. Give y(6).
-5
Let i(y) = -3*y**3 - 5*y**2 + 18*y + 29. Let x(a) = -a**3 - 2*a**2 + 6*a + 10. Let t(d) = 6*i(d) - 17*x(d). Suppose -4 = -k + 1. Give t(k).
9
Let m be (-3 - (3 + -10))/(-2). Let h(j) = -2*j**3 - j**2 + 1. Give h(m).
13
Let g(z) = 2*z. Let s be g(3). Let i(l) be the first derivative of l**2/2 - 3*l + 6. What is i(s)?
3
Let i(o) = -o**2 - 2*o. Let g(p) = -p**2 - 4*p - 1. Let m(f) = -3*g(f) + 5*i(f). Let s be (-2)/(1 - 2 - -2). Give m(s).
-9
Let q(x) be the second derivative of -x**5/20 - 7*x**4/12 - 2*x**3/3 - x**2/2 - 10*x. Let a be (-28)/5 + 6/(-15). Calculate q(a).
-13
Let h(u) be the first derivative of -u**4/24 - 7*u**3/6 + 5*u**2/2 - 2. Let v(z) be the second derivative of h(z). Give v(-6).
-1
Let s = 33/64 + -1/64. Let y(q) be the first derivative of -2*q - s*q**2 + 1/3*q**3 - 2. What is y(0)?
-2
Let u(a) = 13*a - 3. Let k(w) = -20*w + 4. Let j(f) = -5*k(f) - 8*u(f). Calculate j(-3).
16
Let r(y) = -6*y**2 + y**3 - 5 - 10 - 63*y + 5 + 58*y. Determine r(7).
4
Let d(t) = 4*t + 3. Let x(l) = -12*l - 10. Let v(a) = -14*d(a) - 4*x(a). What is v(-2)?
14
Let b be 3/(-3 + 0) - -3. Let h(z) = z + 0 - 3 - b*z - 6. Determine h(-4).
-5
Let x = -2 + 5. Let h(n) = -4 - 2 + 4 + 2*n. Calculate h(x).
4
Suppose -7*s - 15 = -2*s. Let i(r) be the first derivative of r**4/4 + 2*r**3/3 - 3*r**2/2 + 3*r - 1. Give i(s).
3
Let i = -9 + 6. Let s = i + 2. Let b(m) = 10*m**2 + 2*m + 1. Give b(s).
9
Let u(m) = 2 - 5*m + 2*m + 0. Let v = -8 - -9. Suppose c - v = 1. Calculate u(c).
-4
Suppose -4*g + 0 = -8. Let x(u) = 0*u**3 + g*u**3 + 1 - u**3 - u. Let d(q) = q**3 + 6*q**2 - 9*q - 14. Let i be d(-7). Calculate x(i).
1
Let g(c) = c + 5. Let l be g(-4). Let y(h) be the second derivative of 0*h**3 + 1/2*h**2 - 1/6*h**4 + 2/5*h**5 + 0 - 2*h. Calculate y(l).
7
Let j be 1/4 - (-21)/(-4). Let b(y) = -y**3 - 7*y**2 + 8*y. Let l(t) = -t**3 - 8*t**2 + 9*t. Let g(u) = 4*b(u) - 3*l(u). Calculate g(j).
0
Let p = -6 + 9. Let d(r) = -2 + 1 - p*r + 1. Suppose 3*y - 2 = 1. What is d(y)?
-3
Let d(o) = 7 - o + 2 - 15 + 7. Let i be (-1)/4 - (-13)/4. Calculate d(i).
-2
Let y be -1 - -4 - (1 + -4). Let b(d) = -d - 8. Determine b(y).
-14
Let f(x) be the third derivative of -7/60*x**5 + 10*x**2 - 1/3*x**3 + 0*x**4 + 0 + 0*x - 1/120*x**6. Calculate f(-7).
-2
Suppose -5*b + 2*b = -15. Suppose -2*q + 0*q + 4*m = -14, b*q + 20 = -m. Let o(s) = s + 4*s**2 + s + 3 - 35*s**3 + 36*s**3. Calculate o(q).
6
Let m(p) = 4*p. Let y be m(-2). Let h be 22/y + (-3)/12. Let w(f) = f - 1. Give w(h).
-4
Let x(j) = -j + 4. Let p(n) = n - 3. Let f(o) = 7*p(o) + 6*x(o). Let w(g) = g**3 + 9*g**2 - 6. Let q be w(-9). Determine f(q).
-3
Let n be 4*(-4)/(-16) - -2. Suppose 0 = n*z - 1 - 2. Let p(f) = -4*f**2 + 1. What is p(z)?
-3
Let v(c) = -c**3 + 3*c**2 + 5*c - 1. Let a be v(4). Suppose l - a*l = 30. Let r = 9 + l. Let t(q) = q - 2. What is t(r)?
-8
Let n(g) = 6*g**3 + 2*g + 1. Let u = 6 - 7. Give n(u).
-7
Let c(j) = 5*j**2 + 4*j - 6. Let w(g) = 4*g**2 + 3*g - 5. Let r(u) = -3*c(u) + 4*w(u). Give r(-2).
2
Let j = 7 + -7. Suppose -h + 4 = -j. Suppose -h*x - 20 = -2*l - 0, 3*l - 15 = x. Let r(k) = -k**2 + 5*k - 6. Calculate r(l).
-2
Let s(h) = -6*h**2 - 7*h**3 + h + 2 + 5*h**2 + 6*h**3. What is s(-2)?
4
Let l be (-1 + 10)*(3 + -1). Suppose 5*k - 2*k - l = 0. Let x(g) = 5*g - 9. Let b(w) = -6*w + 10. Let i(q) = -4*b(q) - 5*x(q). What is i(k)?
-1
Let m = 7 + -11. Let k(i) be the second derivative of -i**5/20 - i**4/4 - i**3/6 - 5*i**2/2 + 2*i - 40. Determine k(m).
15
Let b(r) be the second derivative of 0 + 1/6*r**3 - 10*r - 5/2*r**2. Give b(4).
-1
Let p(y) = -10*y**2 + 20*y**2 + 2*y - 3*y - 11*y**2 + 2*y**3. Give p(-1).
-2
Let f(h) = -19*h**2 - 17*h + 7. Let w(p) = 9*p**2 + 8*p - 3. Let d(k) = 6*f(k) + 13*w(k). Give d(-2).
11
Let u(k) = -3*k + 11. Let m(y) = -y + 5. Let b(o) = 13*m(o) - 6*u(o). Calculate b(1).
4
Let z(f) = -f**2 + 13. Suppose 2*t = -0*t - 8. Let k be (0 + 4 + t)/2. What is z(k)?
13
Let p(l) = -7*l + 8. Let j(s) = 13*s - 15. Let z(o) = 6*j(o) + 11*p(o). What is z(-4)?
-6
Let x(l) = 8*l + 1. Let a = -5 + 8. Suppose 3*d - 9 = a*g, -5*d + 3*g + 13 = -d. Suppose -2*k = -5*c - d - 3, c + 5*k = 4. Give x(c).
-7
Let a(c) = c**3 - 4*c**2 - 5*c - 3. Let f(t) = 2*t**3 - 8*t**2 - 11*t - 7. Let m(x) = -9*a(x) + 4*f(x). Give m(4).
3
Let b(x) = -x**3 - 5*x**2 - 2*x - 1. Let c(s) = -s**2 - 14*s - 11. Let o be c(-13). Let p = o + -6. Give b(p).
-9
Suppose -3*z - 4*v = 10 - 40, -v = 4*z - 27. Let w(p) = p**2 - 7*p - 2. Calculate w(z).
-8
Suppose 2*v - 246 + 36 = 0. Let g(h) = h**3 - h + 2*h + 106*h**2 - 9 + 25 - v*h**2. Calculate g(0).
16
Let x(v) = -2 + 0 + 3*v + 4. Give x(3).
11
Suppose 5*g - m = -28, 34 = -4*g - 2*m - 3*m. Let q(i) = -9*i + 0*i - 4 + 4*i + 4*i. What is q(g)?
2
Let c(u) = 5*u**2 - 3*u - 8. Let f(p) = -4*p**2 + 3*p + 7. Let m(a) = 6*c(a) + 7*f(a). Calculate m(-2).
3
Let d = 13 + -19. Let l(q) = q**3 - 2*q**2 - 2*q - 1. Let g be l(3). Let y(r) = g*r - 4*r + 3*r. Give y(d).
-6
Let k be (-90)/20 - -2*(-2)/(-8). Let n(u) = -u**2 - 5*u + 3. What is n(k)?
7
Let g(i) be the second derivative of i**5/20 + 5*i**4/12 + i**3/2 - i**2/2 + 25*i. What is g(-4)?
3
Let n(z) = -1 - 1 + 3 + z + 0. Suppose 4*f = 3*f - 3. What is n(f)?
-2
Let f(u) = -u - 1. Suppose 4*s = -v + 21, 0 = -5*v + 3*s + 40 - 4. Let h be (-3)/v*-3*4. Suppose -n = 3*n - h. What is f(n)?
-2
Let a(f) = -f. Suppose -2*m = -0 + 4. Calculate a(m).
2
Let u be 13*-2 - -2*1. Let x be (-4)/10 + u/(-10). Let k(n) = -5 + 2 + 2*n + n + 2*n**2 - 3*n**2. Give k(x).
-1
Suppose 0*c = c - 1. Let s(i) = 4 - 3*i**2 - 3 - 3*i**2 - 2*i. Calculate s(c).
-7
Let l(q) = q**2 + 3*q. Let u(w) = w**3 + 6*w**2 + 6*w + 6. Suppose 0*z = 4*z + 20. Let n be u(z). Let p be n + 10/(-2) - 0. What is l(p)?
4
Let q(b) be the first derivative of b**3/6 + 11*b**2/2 + 2*b - 4. Let c(v) be the first derivative of q(v). Let y(k) = -k**2 + k + 2. Let x be y(2). Give c(x).
11
Let b(h) = h**2 + h + 7. Suppose 2*z = -g - 7, -3*g - 9 = 3*z - 0*g. Let s be 1*(-2)/z*0. What is b(s)?
7
Let x(c) = c**3 - c**2 + 3. Let d be (0/(-22))/(-2 - -1). What is x(d)?
3
Let k(v) = 4 + 6*v + v**3 + 0*v**3 - 3*v**2 - 10*v. Determine k(3).
-8
Let b(d) = 19*d - 13*d + d**3 - 6*d + 3 + 4*d**2. What is b(-4)?
3
Suppose 2*f - 4*f + 10 = 0, 39 = 4*z - f. Let v(g) = g**2 - 10*g - 8. Calculate v(z).
3
Let a(f) be the first derivative of 1/12*f**4 + 1/2*f**3 + 2 + 3/2*f**2 + 0*f. Let n(j) be the second derivative of a(j). Calculate n(-3).
-3
Let r(l) = l**3 + 6*l**2 + 5*l + 5. Let b = 45 - 30. Suppose -4*y + y = b. Calculate r(y).
5
Let i be 24/(-20)*(-5)/2. Suppose -4*c - 3 = 3*j + 4, -2*j = -i*c - 18. Let h(o) = 2*o**3 + 4 - j*o - 2*o**3 - o**3 + 4*o**2. What is h(4)?
-8
Let h(j) = -4*j - j + 6*j. Suppose m + 5*q - 4 = 7*q, -m - 11 = 3*q. Give h(m).
-2
Let b(n) = -n + 2. Let i be b(-3). Suppose 3*h = i*h - 10. Let q(p) = 5*p**3 + 5*p**2 + 7*p - 2. Let r(v) = -v**3 - v. Let z(u) = q(u) + 6*r(u). Calculate z(h).
3
Let g(v) = -v**2 - 7*v - 3. Suppose 6 = -2*x + 4*a - 8, a = 1. Determine g(x).
7
Let r(k) = k. Let q(b) = -2*b - 13. Let t be q(-9). Let f be r(t). Let u(v) = -v**3 + 4*v**2 + 5*v - 5. Give u(f).
-5
Let h = 27 + -25. Suppose 2*k = f + 6, 0 = 2*k + 5*f + h + 4. Let g(c) = c**3 + c**2 - 4*c + 3. Give g(k).
7
Let i(k) be the first derivative of -k**4/4 - 4*k**3/3 + 2*k**2 + k - 21. Suppose 0 = -t - 4*t + 15, 5*t = 4*h - 33. Let s be (10/(-6))/(4/h). Give i(s).
6
Let p(o) be the first derivative of -o**4/4 - 4*o**3/3 - o**2/2 + 3*o + 1. Let i be (-16)/(-6)*(-6)/4. What is p(i)?
7
Suppose 0 = -3*z - z + 3*z. Let q(i) = -4*i*